{"id":25492,"date":"2020-06-25T12:23:12","date_gmt":"2020-06-25T10:23:12","guid":{"rendered":"http:\/\/www.psib-psoe.org\/menorca\/?page_id=25492"},"modified":"2020-07-06T11:33:57","modified_gmt":"2020-07-06T09:33:57","slug":"centenari","status":"publish","type":"page","link":"https:\/\/www.psib-psoe.org\/menorca\/centenari\/","title":{"rendered":"Centenari"},"content":{"rendered":"<div class=\"wpb-content-wrapper\">[vc_row][vc_column][vc_empty_space height=&#8221;100px&#8221;][vc_column_text]\n<h2 class=\"bold\">Centenari 1919-2019<\/h2>\n[\/vc_column_text][vc_separator color=&#8221;custom&#8221; align=&#8221;align_left&#8221; border_width=&#8221;3&#8243; el_width=&#8221;10&#8243; accent_color=&#8221;#e30613&#8243;][\/vc_column][\/vc_row][vc_row css=&#8221;.vc_custom_1546869663460{padding-top: 100px !important;}&#8221;][vc_column width=&#8221;1\/2&#8243;][vc_column_text]El dia 24 d\u2019octubre de 1919 es va constituir formalment l\u2019agrupaci\u00f3 local del PSOE de Ma\u00f3 i amb ella va tenir lloc el naixement del socialisme organitzat a Menorca.<\/p>\n<p>Una hist\u00f2ria de 100 anys \u00e9s prova que el PSOE ha resultat una eina \u00fatil per al desenvolupament de la nostra illa, per a la millora constant de les condicions de vida, el benestar i les oportunitats de la gent.<\/p>\n<p>100 anys de lluita a favor dels drets socials, que s\u00f3n part de la hist\u00f2ria col\u00b7lectiva, plens, tamb\u00e9, d\u2019experi\u00e8ncies personals, a vegades positives i altres, tr\u00e0giques.<\/p>\n<p>Els anys de la lluita obrera, a principis del segle XX; la Guerra Civil i la reconstituci\u00f3 de l\u2019organitzaci\u00f3 a partir dels companys i companyes que van viure la Dictadura des de l\u2019exili; l\u2019auge del socialisme als anys 80&#8230; tots aquests s\u00f3n fets que el nostre partit ha viscut, gr\u00e0cies a l\u2019energia, l\u2019empenta i, a vegades, la vida, de persones desinteressades, mogudes \u00fanicament per la for\u00e7a dels ideals.<\/p>\n<p>El centenari ens dona l\u2019oportunitat de mirar enrere i fer balan\u00e7 de tot el que hem viscut i aconseguit, per\u00f2 tamb\u00e9\u00a0 \u00e9s l\u2019oportunitat per retre un sincer homenatge a tants i tantes militants que han fet gran aquest partit i han contribu\u00eft a fer una societat moderna i de prosperitat com la que avui disfrutam tots els menorquins i menorquines.<\/p>\n<p>Per una banda, agafar la m\u00e0 que ens lliga amb el passat i, per altra, mirar el futur amb coratge i il\u00b7lusi\u00f3, per seguir fent realitat, dia a dia, els somnis d\u2019igualtat, just\u00edcia social i prosperitat, que van esperonar els primers socialistes.[\/vc_column_text][vc_empty_space height=&#8221;100px&#8221;][\/vc_column][vc_column width=&#8221;1\/2&#8243;][vc_single_image image=&#8221;25520&#8243; img_size=&#8221;full&#8221;][vc_single_image image=&#8221;25521&#8243; img_size=&#8221;full&#8221;][vc_single_image image=&#8221;25522&#8243; img_size=&#8221;full&#8221;][\/vc_column][\/vc_row][vc_row thb_full_width=&#8221;true&#8221; css=&#8221;.vc_custom_1593417513647{padding-top: 30px !important;padding-bottom: 30px !important;}&#8221;][vc_column width=&#8221;1\/3&#8243;][vc_btn title=&#8221;Agenda d&#8217;actes&#8221; style=&#8221;outline-custom&#8221; outline_custom_color=&#8221;#e30613&#8243; outline_custom_hover_background=&#8221;#e30613&#8243; outline_custom_hover_text=&#8221;#ffffff&#8221; shape=&#8221;square&#8221; align=&#8221;left&#8221; i_icon_fontawesome=&#8221;fa fa-plus&#8221; button_block=&#8221;true&#8221; add_icon=&#8221;true&#8221; el_class=&#8221;bot_interior_fed&#8221; link=&#8221;url:http%3A%2F%2Fwww.psib-psoe.org%2Fmenorca%2Fprograma-centenari%2F|title:Agenda%20d%E2%80%99actes||&#8221;][vc_btn title=&#8221;Audiovisual&#8221; style=&#8221;outline-custom&#8221; outline_custom_color=&#8221;#e30613&#8243; outline_custom_hover_background=&#8221;#e30613&#8243; outline_custom_hover_text=&#8221;#ffffff&#8221; shape=&#8221;square&#8221; align=&#8221;left&#8221; i_icon_fontawesome=&#8221;fa fa-plus&#8221; button_block=&#8221;true&#8221; add_icon=&#8221;true&#8221; el_class=&#8221;bot_interior_fed&#8221; link=&#8221;url:http%3A%2F%2Fwww.psib-psoe.org%2Fmenorca%2Faudiovisual%2F|title:Audiovisual||&#8221;][\/vc_column][vc_column width=&#8221;1\/3&#8243;][vc_btn title=&#8221;Socialistes il\u00b7lustres&#8221; style=&#8221;outline-custom&#8221; outline_custom_color=&#8221;#e30613&#8243; outline_custom_hover_background=&#8221;#e30613&#8243; outline_custom_hover_text=&#8221;#ffffff&#8221; shape=&#8221;square&#8221; align=&#8221;left&#8221; i_icon_fontawesome=&#8221;fa fa-plus&#8221; button_block=&#8221;true&#8221; add_icon=&#8221;true&#8221; el_id=&#8221;bot_interior_fed&#8221; el_class=&#8221;bot_interior_fed&#8221; link=&#8221;url:http%3A%2F%2Fwww.psib-psoe.org%2Fmenorca%2Fsocialistes-illustres%2F|title:Socialistes%20il%C2%B7lustres||&#8221;][vc_btn title=&#8221;Documents hist\u00f2rics&#8221; style=&#8221;outline-custom&#8221; outline_custom_color=&#8221;#e30613&#8243; outline_custom_hover_background=&#8221;#e30613&#8243; outline_custom_hover_text=&#8221;#ffffff&#8221; shape=&#8221;square&#8221; align=&#8221;left&#8221; i_icon_fontawesome=&#8221;fa fa-plus&#8221; button_block=&#8221;true&#8221; add_icon=&#8221;true&#8221; el_class=&#8221;bot_interior_fed&#8221; link=&#8221;url:http%3A%2F%2Fwww.psib-psoe.org%2Fmenorca%2Fdocuments-historics%2F|title:Documents%20hist%C3%B2rics||&#8221;][\/vc_column][vc_column width=&#8221;1\/3&#8243;][vc_btn title=&#8221;Exposici\u00f3&#8221; style=&#8221;outline-custom&#8221; outline_custom_color=&#8221;#e30613&#8243; outline_custom_hover_background=&#8221;#e30613&#8243; outline_custom_hover_text=&#8221;#ffffff&#8221; shape=&#8221;square&#8221; align=&#8221;left&#8221; i_icon_fontawesome=&#8221;fa fa-plus&#8221; button_block=&#8221;true&#8221; add_icon=&#8221;true&#8221; el_class=&#8221;bot_interior_fed&#8221; link=&#8221;url:http%3A%2F%2Fwww.psib-psoe.org%2Fmenorca%2Fexposicio%2F|title:Exposici%C3%B3||&#8221;][vc_btn title=&#8221;Galeria fotogr\u00e0fica&#8221; style=&#8221;outline-custom&#8221; outline_custom_color=&#8221;#e30613&#8243; outline_custom_hover_background=&#8221;#e30613&#8243; outline_custom_hover_text=&#8221;#ffffff&#8221; shape=&#8221;square&#8221; align=&#8221;left&#8221; i_icon_fontawesome=&#8221;fa fa-plus&#8221; button_block=&#8221;true&#8221; add_icon=&#8221;true&#8221; el_class=&#8221;bot_interior_fed&#8221; link=&#8221;url:http%3A%2F%2Fwww.psib-psoe.org%2Fmenorca%2Fgaleria%2F|title:Galeria%20de%20fotos||&#8221;][\/vc_column][vc_column][\/vc_column][\/vc_row][vc_row][vc_column][vc_empty_space][\/vc_column][\/vc_row]\n<\/div>","protected":false},"excerpt":{"rendered":"<p>[vc_row][vc_column][vc_empty_space height=&#8221;100px&#8221;][vc_column_text] Centenari 1919-2019 [\/vc_column_text][vc_separator color=&#8221;custom&#8221; align=&#8221;align_left&#8221; border_width=&#8221;3&#8243; el_width=&#8221;10&#8243; accent_color=&#8221;#e30613&#8243;][\/vc_column][\/vc_row][vc_row css=&#8221;.vc_custom_1546869663460{padding-top: 100px !important;}&#8221;][vc_column width=&#8221;1\/2&#8243;][vc_column_text]El dia 24 d\u2019octubre de 1919 es va constituir formalment l\u2019agrupaci\u00f3 local del PSOE de Ma\u00f3 i amb ella va tenir lloc el naixement del socialisme organitzat a Menorca. Una hist\u00f2ria de 100 anys \u00e9s prova que el PSOE ha resultat una&hellip;<\/p>\n","protected":false},"author":6,"featured_media":0,"parent":0,"menu_order":0,"comment_status":"closed","ping_status":"closed","template":"","meta":{"footnotes":""},"class_list":["post-25492","page","type-page","status-publish","hentry"],"_links":{"self":[{"href":"https:\/\/www.psib-psoe.org\/menorca\/wp-json\/wp\/v2\/pages\/25492"}],"collection":[{"href":"https:\/\/www.psib-psoe.org\/menorca\/wp-json\/wp\/v2\/pages"}],"about":[{"href":"https:\/\/www.psib-psoe.org\/menorca\/wp-json\/wp\/v2\/types\/page"}],"author":[{"embeddable":true,"href":"https:\/\/www.psib-psoe.org\/menorca\/wp-json\/wp\/v2\/users\/6"}],"replies":[{"embeddable":true,"href":"https:\/\/www.psib-psoe.org\/menorca\/wp-json\/wp\/v2\/comments?post=25492"}],"version-history":[{"count":0,"href":"https:\/\/www.psib-psoe.org\/menorca\/wp-json\/wp\/v2\/pages\/25492\/revisions"}],"wp:attachment":[{"href":"https:\/\/www.psib-psoe.org\/menorca\/wp-json\/wp\/v2\/media?parent=25492"}],"curies":[{"name":"wp","href":"https:\/\/api.w.org\/{rel}","templated":true}]}}

<div class="wpb-content-wrapper">[vc_row][vc_column][vc_empty_space height=&#8221;100px&#8221;][vc_column_text]
<h2 class="bold">Centenari 1919-2019</h2>
[/vc_column_text][vc_separator color=&#8221;custom&#8221; align=&#8221;align_left&#8221; border_width=&#8221;3&#8243; el_width=&#8221;10&#8243; accent_color=&#8221;#e30613&#8243;][/vc_column][/vc_row][vc_row css=&#8221;.vc_custom_1546869663460{padding-top: 100px !important;}&#8221;][vc_column width=&#8221;1/2&#8243;][vc_column_text]El dia 24 d’octubre de 1919 es va constituir formalment l’agrupació local del PSOE de Maó i amb ella va tenir lloc el naixement del socialisme organitzat a Menorca.</p>
<p>Una història de 100 anys és prova que el PSOE ha resultat una eina útil per al desenvolupament de la nostra illa, per a la millora constant de les condicions de vida, el benestar i les oportunitats de la gent.</p>
<p>100 anys de lluita a favor dels drets socials, que són part de la història col·lectiva, plens, també, d’experiències personals, a vegades positives i altres, tràgiques.</p>
<p>Els anys de la lluita obrera, a principis del segle XX; la Guerra Civil i la reconstitució de l’organització a partir dels companys i companyes que van viure la Dictadura des de l’exili; l’auge del socialisme als anys 80&#8230; tots aquests són fets que el nostre partit ha viscut, gràcies a l’energia, l’empenta i, a vegades, la vida, de persones desinteressades, mogudes únicament per la força dels ideals.</p>
<p>El centenari ens dona l’oportunitat de mirar enrere i fer balanç de tot el que hem viscut i aconseguit, però també  és l’oportunitat per retre un sincer homenatge a tants i tantes militants que han fet gran aquest partit i han contribuït a fer una societat moderna i de prosperitat com la que avui disfrutam tots els menorquins i menorquines.</p>
<p>Per una banda, agafar la mà que ens lliga amb el passat i, per altra, mirar el futur amb coratge i il·lusió, per seguir fent realitat, dia a dia, els somnis d’igualtat, justícia social i prosperitat, que van esperonar els primers socialistes.[/vc_column_text][vc_empty_space height=&#8221;100px&#8221;][/vc_column][vc_column width=&#8221;1/2&#8243;][vc_single_image image=&#8221;25520&#8243; img_size=&#8221;full&#8221;][vc_single_image image=&#8221;25521&#8243; img_size=&#8221;full&#8221;][vc_single_image image=&#8221;25522&#8243; img_size=&#8221;full&#8221;][/vc_column][/vc_row][vc_row thb_full_width=&#8221;true&#8221; css=&#8221;.vc_custom_1593417513647{padding-top: 30px !important;padding-bottom: 30px !important;}&#8221;][vc_column width=&#8221;1/3&#8243;][vc_btn title=&#8221;Agenda d&#8217;actes&#8221; style=&#8221;outline-custom&#8221; outline_custom_color=&#8221;#e30613&#8243; outline_custom_hover_background=&#8221;#e30613&#8243; outline_custom_hover_text=&#8221;#ffffff&#8221; shape=&#8221;square&#8221; align=&#8221;left&#8221; i_icon_fontawesome=&#8221;fa fa-plus&#8221; button_block=&#8221;true&#8221; add_icon=&#8221;true&#8221; el_class=&#8221;bot_interior_fed&#8221; link=&#8221;url:http%3A%2F%2Fwww.psib-psoe.org%2Fmenorca%2Fprograma-centenari%2F|title:Agenda%20d%E2%80%99actes||&#8221;][vc_btn title=&#8221;Audiovisual&#8221; style=&#8221;outline-custom&#8221; outline_custom_color=&#8221;#e30613&#8243; outline_custom_hover_background=&#8221;#e30613&#8243; outline_custom_hover_text=&#8221;#ffffff&#8221; shape=&#8221;square&#8221; align=&#8221;left&#8221; i_icon_fontawesome=&#8221;fa fa-plus&#8221; button_block=&#8221;true&#8221; add_icon=&#8221;true&#8221; el_class=&#8221;bot_interior_fed&#8221; link=&#8221;url:http%3A%2F%2Fwww.psib-psoe.org%2Fmenorca%2Faudiovisual%2F|title:Audiovisual||&#8221;][/vc_column][vc_column width=&#8221;1/3&#8243;][vc_btn title=&#8221;Socialistes il·lustres&#8221; style=&#8221;outline-custom&#8221; outline_custom_color=&#8221;#e30613&#8243; outline_custom_hover_background=&#8221;#e30613&#8243; outline_custom_hover_text=&#8221;#ffffff&#8221; shape=&#8221;square&#8221; align=&#8221;left&#8221; i_icon_fontawesome=&#8221;fa fa-plus&#8221; button_block=&#8221;true&#8221; add_icon=&#8221;true&#8221; el_id=&#8221;bot_interior_fed&#8221; el_class=&#8221;bot_interior_fed&#8221; link=&#8221;url:http%3A%2F%2Fwww.psib-psoe.org%2Fmenorca%2Fsocialistes-illustres%2F|title:Socialistes%20il%C2%B7lustres||&#8221;][vc_btn title=&#8221;Documents històrics&#8221; style=&#8221;outline-custom&#8221; outline_custom_color=&#8221;#e30613&#8243; outline_custom_hover_background=&#8221;#e30613&#8243; outline_custom_hover_text=&#8221;#ffffff&#8221; shape=&#8221;square&#8221; align=&#8221;left&#8221; i_icon_fontawesome=&#8221;fa fa-plus&#8221; button_block=&#8221;true&#8221; add_icon=&#8221;true&#8221; el_class=&#8221;bot_interior_fed&#8221; link=&#8221;url:http%3A%2F%2Fwww.psib-psoe.org%2Fmenorca%2Fdocuments-historics%2F|title:Documents%20hist%C3%B2rics||&#8221;][/vc_column][vc_column width=&#8221;1/3&#8243;][vc_btn title=&#8221;Exposició&#8221; style=&#8221;outline-custom&#8221; outline_custom_color=&#8221;#e30613&#8243; outline_custom_hover_background=&#8221;#e30613&#8243; outline_custom_hover_text=&#8221;#ffffff&#8221; shape=&#8221;square&#8221; align=&#8221;left&#8221; i_icon_fontawesome=&#8221;fa fa-plus&#8221; button_block=&#8221;true&#8221; add_icon=&#8221;true&#8221; el_class=&#8221;bot_interior_fed&#8221; link=&#8221;url:http%3A%2F%2Fwww.psib-psoe.org%2Fmenorca%2Fexposicio%2F|title:Exposici%C3%B3||&#8221;][vc_btn title=&#8221;Galeria fotogràfica&#8221; style=&#8221;outline-custom&#8221; outline_custom_color=&#8221;#e30613&#8243; outline_custom_hover_background=&#8221;#e30613&#8243; outline_custom_hover_text=&#8221;#ffffff&#8221; shape=&#8221;square&#8221; align=&#8221;left&#8221; i_icon_fontawesome=&#8221;fa fa-plus&#8221; button_block=&#8221;true&#8221; add_icon=&#8221;true&#8221; el_class=&#8221;bot_interior_fed&#8221; link=&#8221;url:http%3A%2F%2Fwww.psib-psoe.org%2Fmenorca%2Fgaleria%2F|title:Galeria%20de%20fotos||&#8221;][/vc_column][vc_column][/vc_column][/vc_row][vc_row][vc_column][vc_empty_space][/vc_column][/vc_row]
</div>

<p>[vc_row][vc_column][vc_empty_space height=&#8221;100px&#8221;][vc_column_text] Centenari 1919-2019 [/vc_column_text][vc_separator color=&#8221;custom&#8221; align=&#8221;align_left&#8221; border_width=&#8221;3&#8243; el_width=&#8221;10&#8243; accent_color=&#8221;#e30613&#8243;][/vc_column][/vc_row][vc_row css=&#8221;.vc_custom_1546869663460{padding-top: 100px !important;}&#8221;][vc_column width=&#8221;1/2&#8243;][vc_column_text]El dia 24 d’octubre de 1919 es va constituir formalment l’agrupació local del PSOE de Maó i amb ella va tenir lloc el naixement del socialisme organitzat a Menorca. Una història de 100 anys és prova que el PSOE ha resultat una&hellip;</p>
