{"id":25609,"date":"2020-07-06T09:20:13","date_gmt":"2020-07-06T07:20:13","guid":{"rendered":"http:\/\/www.psib-psoe.org\/menorca\/?page_id=25609"},"modified":"2021-05-19T19:02:52","modified_gmt":"2021-05-19T17:02:52","slug":"audiovisual","status":"publish","type":"page","link":"https:\/\/www.psib-psoe.org\/menorca\/audiovisual\/","title":{"rendered":"Audiovisual"},"content":{"rendered":"<div class=\"wpb-content-wrapper\">[vc_row][vc_column][vc_column_text css=&#8221;.vc_custom_1594019850398{padding-top: 80px !important;}&#8221;]\n<h2 class=\"bold\" style=\"color: #e30613; text-align: left;\">Audiovisual<\/h2>\n[\/vc_column_text][\/vc_column][\/vc_row][vc_row][vc_column][vc_separator color=&#8221;custom&#8221; align=&#8221;align_left&#8221; border_width=&#8221;3&#8243; el_width=&#8221;10&#8243; accent_color=&#8221;#e30613&#8243;][vc_empty_space height=&#8221;60px&#8221;][vc_empty_space height=&#8221;60px&#8221;][\/vc_column][\/vc_row][vc_row][vc_column][vc_column_text]\n<h3>Documental &#8220;100 anys de socialisme a Menorca&#8221;<\/h3>\n<p>La traject\u00f2ria del PSOE Menorca ja es remunta a 100 anys i pocs partits hi ha que tenguin aquest honor. La seva \u00e9s la hist\u00f2ria de la lluita incansable a favor dels drets de la classe treballadora i de les persones amb m\u00e9s dificultats, per la just\u00edcia, la solidaritat, l&#8217;equitat, la llibertat i la pau.<\/p>\n<p>Els esdeveniments que han marcat aquest centenari s\u00f3n fets clau en la hist\u00f2ria contempor\u00e0nia de l&#8217;illa de Menorca i la seva societat. Aquest \u00e9s moment per mirar enrere i recordar d&#8217;on venim i qu\u00e8 hem aconseguit. Fer mem\u00f2ria per recordar que encara hi ha cam\u00ed per fer.[\/vc_column_text][vc_empty_space][vc_video link=&#8221;https:\/\/www.youtube.com\/watch?v=zRsor4cnv3M&#8221;][\/vc_column][\/vc_row][vc_row][vc_column][vc_empty_space height=&#8221;50px&#8221;][vc_empty_space height=&#8221;50px&#8221;][\/vc_column][\/vc_row]\n<\/div>","protected":false},"excerpt":{"rendered":"<p>[vc_row][vc_column][vc_column_text css=&#8221;.vc_custom_1594019850398{padding-top: 80px !important;}&#8221;] Audiovisual [\/vc_column_text][\/vc_column][\/vc_row][vc_row][vc_column][vc_separator color=&#8221;custom&#8221; align=&#8221;align_left&#8221; border_width=&#8221;3&#8243; el_width=&#8221;10&#8243; accent_color=&#8221;#e30613&#8243;][vc_empty_space height=&#8221;60px&#8221;][vc_empty_space height=&#8221;60px&#8221;][\/vc_column][\/vc_row][vc_row][vc_column][vc_column_text] Documental &#8220;100 anys de socialisme a Menorca&#8221; La traject\u00f2ria del PSOE Menorca ja es remunta a 100 anys i pocs partits hi ha que tenguin aquest honor. La seva \u00e9s la hist\u00f2ria de la lluita incansable a favor dels drets de la&hellip;<\/p>\n","protected":false},"author":6,"featured_media":0,"parent":0,"menu_order":0,"comment_status":"closed","ping_status":"closed","template":"","meta":{"footnotes":""},"class_list":["post-25609","page","type-page","status-publish","hentry"],"_links":{"self":[{"href":"https:\/\/www.psib-psoe.org\/menorca\/wp-json\/wp\/v2\/pages\/25609"}],"collection":[{"href":"https:\/\/www.psib-psoe.org\/menorca\/wp-json\/wp\/v2\/pages"}],"about":[{"href":"https:\/\/www.psib-psoe.org\/menorca\/wp-json\/wp\/v2\/types\/page"}],"author":[{"embeddable":true,"href":"https:\/\/www.psib-psoe.org\/menorca\/wp-json\/wp\/v2\/users\/6"}],"replies":[{"embeddable":true,"href":"https:\/\/www.psib-psoe.org\/menorca\/wp-json\/wp\/v2\/comments?post=25609"}],"version-history":[{"count":0,"href":"https:\/\/www.psib-psoe.org\/menorca\/wp-json\/wp\/v2\/pages\/25609\/revisions"}],"wp:attachment":[{"href":"https:\/\/www.psib-psoe.org\/menorca\/wp-json\/wp\/v2\/media?parent=25609"}],"curies":[{"name":"wp","href":"https:\/\/api.w.org\/{rel}","templated":true}]}}

<div class="wpb-content-wrapper">[vc_row][vc_column][vc_column_text css=&#8221;.vc_custom_1594019850398{padding-top: 80px !important;}&#8221;]
<h2 class="bold" style="color: #e30613; text-align: left;">Audiovisual</h2>
[/vc_column_text][/vc_column][/vc_row][vc_row][vc_column][vc_separator color=&#8221;custom&#8221; align=&#8221;align_left&#8221; border_width=&#8221;3&#8243; el_width=&#8221;10&#8243; accent_color=&#8221;#e30613&#8243;][vc_empty_space height=&#8221;60px&#8221;][vc_empty_space height=&#8221;60px&#8221;][/vc_column][/vc_row][vc_row][vc_column][vc_column_text]
<h3>Documental &#8220;100 anys de socialisme a Menorca&#8221;</h3>
<p>La trajectòria del PSOE Menorca ja es remunta a 100 anys i pocs partits hi ha que tenguin aquest honor. La seva és la història de la lluita incansable a favor dels drets de la classe treballadora i de les persones amb més dificultats, per la justícia, la solidaritat, l&#8217;equitat, la llibertat i la pau.</p>
<p>Els esdeveniments que han marcat aquest centenari són fets clau en la història contemporània de l&#8217;illa de Menorca i la seva societat. Aquest és moment per mirar enrere i recordar d&#8217;on venim i què hem aconseguit. Fer memòria per recordar que encara hi ha camí per fer.[/vc_column_text][vc_empty_space][vc_video link=&#8221;https://www.youtube.com/watch?v=zRsor4cnv3M&#8221;][/vc_column][/vc_row][vc_row][vc_column][vc_empty_space height=&#8221;50px&#8221;][vc_empty_space height=&#8221;50px&#8221;][/vc_column][/vc_row]
</div>

<p>[vc_row][vc_column][vc_column_text css=&#8221;.vc_custom_1594019850398{padding-top: 80px !important;}&#8221;] Audiovisual [/vc_column_text][/vc_column][/vc_row][vc_row][vc_column][vc_separator color=&#8221;custom&#8221; align=&#8221;align_left&#8221; border_width=&#8221;3&#8243; el_width=&#8221;10&#8243; accent_color=&#8221;#e30613&#8243;][vc_empty_space height=&#8221;60px&#8221;][vc_empty_space height=&#8221;60px&#8221;][/vc_column][/vc_row][vc_row][vc_column][vc_column_text] Documental &#8220;100 anys de socialisme a Menorca&#8221; La trajectòria del PSOE Menorca ja es remunta a 100 anys i pocs partits hi ha que tenguin aquest honor. La seva és la història de la lluita incansable a favor dels drets de la&hellip;</p>
